{"id":6,"date":"2013-10-27T12:38:46","date_gmt":"2013-10-27T11:38:46","guid":{"rendered":"http:\/\/www.laverie-pechbonnieu.fr\/prive\/?page_id=6"},"modified":"2026-04-28T06:33:03","modified_gmt":"2026-04-28T05:33:03","slug":"services","status":"publish","type":"page","link":"https:\/\/www.laverie-pechbonnieu.fr\/prive\/?page_id=6","title":{"rendered":"Services +"},"content":{"rendered":"<h6 style=\"text-align: center\">\u00a0<\/h6>\n<p style=\"text-align: center\"><span style=\"color: #008000\"><em><strong>La laverie est ouverte de 7h \u00e0 21h sur les jours f\u00e9ri\u00e9s de ce mois de Mai 2026<\/strong><\/em><\/span><\/p>\n<p style=\"text-align: center\"><strong><span style=\"color: #008000\">le 1er &#8211; le 8 mai &#8211; le jeudi 14 mai &#8220;L&#8217;Ascension&#8221;- Le 25 mai &#8220;lundi de Pentec\u00f4te&#8221;<\/span><\/strong><\/p>\n<p>Au plaisir,<\/p>\n<p style=\"text-align: left\"><span style=\"font-size: revert\">Nathalie<\/span><\/p>\n<div class=\"text_exposed_show\">\n<p>06.60.31.38.46<\/p>\n<\/div>\n\n\n<p><\/p>\n","protected":false},"excerpt":{"rendered":"<p>\u00a0 La laverie est ouverte de 7h \u00e0 21h sur les jours f\u00e9ri\u00e9s de ce mois de Mai 2026 le 1er &#8211; le 8 mai &#8211; le jeudi 14 mai &#8220;L&#8217;Ascension&#8221;- Le 25 mai &#8220;lundi de Pentec\u00f4te&#8221; Au plaisir, Nathalie &hellip; <a href=\"https:\/\/www.laverie-pechbonnieu.fr\/prive\/?page_id=6\">Continuer la lecture <span class=\"meta-nav\">&rarr;<\/span><\/a><\/p>\n","protected":false},"author":2,"featured_media":0,"parent":0,"menu_order":0,"comment_status":"closed","ping_status":"open","template":"","meta":[],"_links":{"self":[{"href":"https:\/\/www.laverie-pechbonnieu.fr\/prive\/index.php?rest_route=\/wp\/v2\/pages\/6"}],"collection":[{"href":"https:\/\/www.laverie-pechbonnieu.fr\/prive\/index.php?rest_route=\/wp\/v2\/pages"}],"about":[{"href":"https:\/\/www.laverie-pechbonnieu.fr\/prive\/index.php?rest_route=\/wp\/v2\/types\/page"}],"author":[{"embeddable":true,"href":"https:\/\/www.laverie-pechbonnieu.fr\/prive\/index.php?rest_route=\/wp\/v2\/users\/2"}],"replies":[{"embeddable":true,"href":"https:\/\/www.laverie-pechbonnieu.fr\/prive\/index.php?rest_route=%2Fwp%2Fv2%2Fcomments&post=6"}],"version-history":[{"count":162,"href":"https:\/\/www.laverie-pechbonnieu.fr\/prive\/index.php?rest_route=\/wp\/v2\/pages\/6\/revisions"}],"predecessor-version":[{"id":312,"href":"https:\/\/www.laverie-pechbonnieu.fr\/prive\/index.php?rest_route=\/wp\/v2\/pages\/6\/revisions\/312"}],"wp:attachment":[{"href":"https:\/\/www.laverie-pechbonnieu.fr\/prive\/index.php?rest_route=%2Fwp%2Fv2%2Fmedia&parent=6"}],"curies":[{"name":"wp","href":"https:\/\/api.w.org\/{rel}","templated":true}]}}